he remainder when 7795383 is divided by 5190.
3
What is the remainder when 5394 is divided by 157?
56
Calculate the remainder when 98562 is divided by 1291.
446
What is the remainder when 146734 is divided by 15352?
8566
Calculate the remainder when 154216070 is divided by 1223937.
8
Calculate the remainder when 208560044 is divided by 24.
20
Calculate the remainder when 45699925 is divided by 39.
37
Calculate the remainder when 896750 is divided by 448374.
2
What is the remainder when 2956116 is divided by 919?
612
What is the remainder when 5327199 is divided by 443933?
3
What is the remainder when 292419 is divided by 145832?
755
What is the remainder when 15034681 is divided by 662?
661
Calculate the remainder when 5591974 is divided by 180386.
8
What is the remainder when 47423750 is divided by 9714?
2
What is the remainder when 74920 is divided by 24255?
2155
What is the remainder when 166860 is divided by 15136?
364
What is the remainder when 220084422 is divided by 644?
642
Calculate the remainder when 81144040 is divided by 11.
10
What is the remainder when 140148 is divided by 139860?
288
What is the remainder when 1345948 is divided by 3890?
8
What is the remainder when 58107520 is divided by 1893?
1885
What is the remainder when 13454 is divided by 13412?
42
Calculate the remainder when 683366 is divided by 1275.
1241
What is the remainder when 3272497 is divided by 13808?
1
Calculate the remainder when 891719 is divided by 7309.
21
What is the remainder when 430655 is divided by 1155?
995
Calculate the remainder when 3802821 is divided by 33068.
1
Calculate the remainder when 23759314 is divided by 882.
880
What is the remainder when 51255 is divided by 248?
167
Calculate the remainder when 114534 is divided by 114515.
19
What is the remainder when 59241 is divided by 14561?
997
Calculate the remainder when 216838 is divided by 26362.
5942
What is the remainder when 14975 is divided by 2264?
1391
Calculate the remainder when 455069 is divided by 454019.
1050
What is the remainder when 629538 is divided by 57227?
41
What is the remainder when 726243 is divided by 1032?
747
Calculate the remainder when 11977351 is divided by 592.
7
Calculate the remainder when 281788 is divided by 186.
184
Calculate the remainder when 9970289 is divided by 716.
705
What is the remainder when 162749 is divided by 11568?
797
Calculate the remainder when 6476433 is divided by 462602.
5
What is the remainder when 4331956 is divided by 618849?
13
What is the remainder when 93993 is divided by 31075?
768
Calculate the remainder when 272398459 is divided by 832.
827
What is the remainder when 2231553 is divided by 190?
3
Calculate the remainder when 30700678 is divided by 1334812.
2
Calculate the remainder when 151895 is divided by 419.
217
Calculate the remainder when 981528 is divided by 87.
81
What is the remainder when 91067 is divided by 90786?
281
Calculate the remainder when 22658 is divided by 3747.
176
Calculate the remainder when 12399417 is divided by 1466.
1455
What is the remainder when 11248331 is divided by 1264?
1259
What is the remainder when 860339 is divided by 1338?
5
Calculate the remainder when 43974849 is divided by 2486.
2481
What is the remainder when 2789803 is divided by 276?
271
What is the remainder when 1056472 is divided by 47?
6
Calculate the remainder when 31050002 is divided by 84.
74
Calculate the remainder when 1470347 is divided by 247.
203
What is the remainder when 2519470 is divided by 167960?
70
What is the remainder when 754132 is divided by 24318?
274
What is the remainder when 2301349 is divided by 8?
5
Calculate the remainder when 855716 is divided by 1144.
4
What is the remainder when 2653825 is divided by 2653671?
154
What is the remainder when 1398846 is divided by 870?
756
Calculate the remainder when 28556035 is divided by 91820.
15
What is the remainder when 1406 is divided by 102?
80
What is the remainder when 4664 is divided by 1745?
1174
Calculate the remainder when 224887011 is divided by 1013.
1011
What is the remainder when 2353529 is divided by 1202?
13
What is the remainder when 2270668 is divided by 81?
76
What is the remainder when 57602 is divided by 2201?
376
What is the remainder when 793884 is divided by 8313?
4149
Calculate the remainder when 2041995 is divided by 510488.
43
What is the remainder when 2915834 is divided by 132536?
42
What is the remainder when 392695 is divided by 49086?
7
Calculate the remainder when 616477 is divided by 1454.
1435
What is the remainder when 1031835 is divided by 20232?
3
Calculate the remainder when 17921546 is divided by 27.
26
What is the remainder when 107987 is divided by 1743?
1664
What is the remainder when 3242433 is divided by 20?
13
Calculate the remainder when 929049 is divided by 12390.
12189
What is the remainder when 36907 is divided by 3227?
1410
Calculate the remainder when 4159352 is divided by 72.
56
What is the remainder when 21162753 is divided by 1923886?
7
What is the remainder when 43574 is divided by 705?
569
What is the remainder when 4030 is divided by 3290?
740
Calculate the remainder when 88649 is divided by 88408.
241
Calculate the remainder when 10331 is divided by 1815.
1256
What is the remainder when 7093328 is divided by 33?
11
Calculate the remainder when 27019 is divided by 13266.
487
Calculate the remainder when 7742205 is divided by 1101.
1074
Calculate the remainder when 142716 is divided by 1896.
516
What is the remainder when 14796230 is divided by 1006?
988
What is the remainder when 1938330 is divided by 215347?
207
Calculate the remainder when 144125 is divided by 157.
156
Calculate the remainder when 18080 is divided by 72.
8
Calculate the remainder when 2686725 is divided by 22.
19
What is the remainder when 15355970 is divided by 5118647?
29
Calculate the remainder when 24388056 is divided by 134.
56
Calculate the remainder when 23843 is divided by 20909.
2934
Calculate the remainder when 27416944 is divided by 6941.
6935
Calculate the remainder when 786896 is divided by 3655.
1071
What is the remainder when 38900 is divided by 12841?
377
What is the remainder when 1644331 is divided by 1575?
31
What is the remainder when 143518 is divided by 11380?
6958
What is the remainder when 35570382 is divided by 397?
373
What is the remainder when 332642 is divided by 3913?
37
What is the remainder when 159160 is divided by 293?
61
What is the remainder when 5115952 is divided by 741?
88
Calculate the remainder when 317389 is divided by 21.
16
What is the remainder when 13824 is divided by 1992?
1872
What is the remainder when 16850134 is divided by 293?
290
What is the remainder when 67480 is divided by 7423?
673
Calculate the remainder when 188773 is divided by 31454.
49
What is the remainder when 46188013 is divided by 217?
214
Calculate the remainder when 442381 is divided by 144310.
9451
What is the remainder when 1190048 is divided by 44075?
23
What is the remainder when 25788609 is divided by 12537?
0
Calculate the remainder when 55987 is divided by 2948.
2923
Calculate the remainder when 959779950 is divided by 99.
96
Calculate the remainder when 139543478 is divided by 71.
7
What is the remainder when 3102955 is divided by 336?
331
What is the remainder when 46643826 is divided by 735?
726
What is the remainder when 477958 is divided by 2341?
394
Calculate the remainder when 786205 is divided by 3180.
745
What is the remainder when 20201845 is divided by 24?
13
Calculate the remainder when 130917 is divided by 6161.
1536
What is the remainder when 67057 is divided by 771?
751
Calculate the remainder when 1646098 is divided by 548644.
166
What is the remainder when 3642134 is divided by 404681?
5
Calculate the remainder when 146060 is divided by 144073.
1987
Calculate the remainder when 9107231 is divided by 48.
47
Calculate the remainder when 27371852 is divided by 10.
2
Calculate the remainder when 180950 is divided by 4205.
135
What is the remainder when 586780 is divided by 146151?
2176
Calculate the remainder when 1404488 is divided by 702243.
2
Calculate the remainder when 1074519 is divided by 6036.
111
Calculate the remainder when 31412130 is divided by 14449.
4
What is the remainder when 239578 is d